16 a factor of 1024?
True
Is 280 a factor of 11200?
True
Is 6 a factor of 2049?
False
Is 4 a factor of 412?
True
Is 71 a factor of 71?
True
Is 120996 a multiple of 18?
True
Is 19 a factor of 3724?
True
Does 108 divide 432?
True
Is 35 a factor of 17520?
False
Is 2178 a multiple of 48?
False
Is 2079 a multiple of 63?
True
Does 6 divide 178?
False
Does 14 divide 97?
False
Does 10 divide 19290?
True
Is 1368 a multiple of 19?
True
Is 9365 a multiple of 79?
False
Does 5 divide 3677?
False
Does 40 divide 880?
True
Is 309 a multiple of 13?
False
Does 16 divide 34805?
False
Does 11 divide 951?
False
Does 31 divide 2795?
False
Is 1665 a multiple of 2?
False
Does 18 divide 1715?
False
Is 56 a factor of 18382?
False
Is 9 a factor of 11618?
False
Is 11 a factor of 8987?
True
Is 42 a multiple of 8?
False
Is 14688 a multiple of 5?
False
Is 19 a factor of 813?
False
Does 23 divide 1380?
True
Is 3927 a multiple of 77?
True
Is 6 a factor of 404?
False
Is 151 a factor of 9326?
False
Does 73 divide 1519?
False
Is 6636 a multiple of 45?
False
Is 437 a multiple of 19?
True
Is 2597 a multiple of 16?
False
Is 1728 a multiple of 36?
True
Does 7 divide 3277?
False
Is 7 a factor of 1032?
False
Is 15 a factor of 262?
False
Does 3 divide 130?
False
Is 2 a factor of 3736?
True
Does 66 divide 4224?
True
Is 16 a factor of 1505?
False
Is 46784 a multiple of 64?
True
Is 54318 a multiple of 63?
False
Is 12526 a multiple of 123?
False
Is 3264 a multiple of 204?
True
Is 24780 a multiple of 30?
True
Does 108 divide 61020?
True
Is 923 a multiple of 12?
False
Does 10 divide 1190?
True
Is 46 a factor of 1242?
True
Is 10 a factor of 23440?
True
Does 82 divide 1799?
False
Does 258 divide 69003?
False
Is 408 a multiple of 4?
True
Is 64 a factor of 3776?
True
Is 5628 a multiple of 42?
True
Does 40 divide 3953?
False
Is 10 a factor of 813?
False
Is 3559 a multiple of 2?
False
Is 714 a multiple of 88?
False
Does 21 divide 693?
True
Is 1612 a multiple of 20?
False
Is 1368 a multiple of 72?
True
Is 71 a factor of 1136?
True
Is 1068 a multiple of 13?
False
Is 7 a factor of 28?
True
Is 1854 a multiple of 84?
False
Does 8 divide 7824?
True
Does 8 divide 64?
True
Is 14 a factor of 16115?
False
Does 43 divide 3956?
True
Is 33 a multiple of 17?
False
Does 37 divide 166907?
True
Is 3188 a multiple of 38?
False
Does 45 divide 564?
False
Is 296 a multiple of 4?
True
Is 228 a multiple of 57?
True
Does 262 divide 127594?
True
Is 108 a factor of 14256?
True
Does 4 divide 22484?
True
Is 3 a factor of 222?
True
Is 304 a multiple of 41?
False
Is 110 a multiple of 11?
True
Does 7 divide 399?
True
Does 3 divide 282?
True
Is 51036 a multiple of 47?
False
Is 826 a multiple of 59?
True
Does 22 divide 4352?
False
Is 162 a factor of 32810?
False
Is 20121 a multiple of 19?
True
Does 52 divide 3588?
True
Does 13 divide 104143?
True
Is 115 a factor of 6049?
False
Is 6 a factor of 108?
True
Is 19 a factor of 9025?
True
Does 20 divide 109?
False
Is 31573 a multiple of 107?
False
Does 9 divide 90?
True
Is 98 a multiple of 18?
False
Is 918 a multiple of 33?
False
Is 23 a factor of 313?
False
Does 33 divide 132?
True
Is 5875 a multiple of 2?
False
Is 8 a factor of 729?
False
Does 45 divide 5490?
True
Is 62 a factor of 1701?
False
Is 38 a factor of 1330?
True
Does 7 divide 740?
False
Is 322 a multiple of 46?
True
Is 53956 a multiple of 28?
True
Is 20 a factor of 8360?
True
Does 8 divide 316?
False
Is 23 a factor of 3653?
False
Is 221 a multiple of 2?
False
Is 49 a factor of 58805?
False
Is 517 a multiple of 2?
False
Is 36 a factor of 13118?
False
Is 47177 a multiple of 191?
True
Is 44 a multiple of 8?
False
Does 12 divide 7779?
False
Is 48 a factor of 22608?
True
Does 50 divide 2600?
True
Does 33 divide 152955?
True
Does 76 divide 65221?
False
Is 2128 a multiple of 16?
True
Is 27 a factor of 29550?
False
Is 26 a factor of 4082?
True
Is 12 a factor of 28?
False
Is 13 a factor of 6136?
True
Is 5 a multiple of 2?
False
Is 109 a factor of 26356?
False
Does 2 divide 67?
False
Is 44 a factor of 48391?
False
Is 11167 a multiple of 266?
False
Does 67 divide 13936?
True
Is 64 a factor of 5864?
False
Is 22252 a multiple of 209?
False
Is 3587 a multiple of 4?
False
Does 269 divide 16947?
True
Is 48 a factor of 4913?
False
Is 579 a multiple of 17?
False
Is 46987 a multiple of 263?
False
Is 27201 a multiple of 145?
False
Is 2 a factor of 9097?
False
Is 15 a factor of 3802?
False
Is 37 a factor of 472?
False
Is 11 a factor of 341?
True
Does 4 divide 2633?
False
Is 41 a factor of 4387?
True
Does 44 divide 38997?
False
Is 23 a factor of 5244?
True
Is 39 a factor of 104?
False
Is 1206 a multiple of 67?
True
Is 107544 a multiple of 12?
True
Is 11 a factor of 874?
False
Is 1655 a multiple of 20?
False
Does 32 divide 7381?
False
Is 45 a factor of 1610?
False
Does 63 divide 2268?
True
Is 55 a factor of 595?
False
Is 17677 a multiple of 7?
False
Is 336 a multiple of 16?
True
Does 303 divide 43935?
True
Is 240 a multiple of 12?
True
Does 32 divide 3530?
False
Does 21 divide 14939?
False
Does 23 divide 2829?
True
Is 20 a factor of 11840?
True
Does 28 divide 49924?
True
Is 115 a multiple of 27?
False
Does 48 divide 2803?
False
Is 510 a multiple of 22?
False
Is 34 a factor of 4318?
True
Is 3 a factor of 124?
False
Is 55 a factor of 544?
False
Is 8 a factor of 2824?
True
Is 1312 a multiple of 6?
False
Does 11 divide 551?
False
Does 14 divide 31111?
False
Is 5 a factor of 2060?
True
Does 8 divide 191?
False
Does 11 divide 1494?
False
Does 7 divide 627?
False
Is 10 a factor of 580?
True
Is 21 a factor of 1523?
False
Is 413 a multiple of 26?
False
Does 23 divide 276?
True
Does 2 divide 2263?
False
Is 63 a factor of 378?
True
Is 19799 a multiple of 91?
False
Does 22 divide 2090?
True
Is 58 a multiple of 29?
True
Does 31 divide 2480?
True
Does 6 divide 318?
True
Is 37 a factor of 24523?
False
Is 178 a factor of 26852?
False
Does 16 divide 190?
False
Is 1862 a multiple of 14?
True
Is 8 a factor of 28840?
True
Is 10 a factor of 820?
True
Does 67 divide 15745?
True
Is 136 a factor of 140?
False
Does 7 divide 497?
True
Is 58 a factor of 7276?
False
Is 1032 a multiple of 129?
True
Is 14406 a multiple of 42?
True
Is 1112 a multiple of 4?
True
Does 17 divide 36941?
True
Does 437 divide 122912?
False
Is 9196 a multiple of 76?
True
Is 56 a factor of 3812?
False
Does 19 divide 10951?
False
Is 830 a multiple of 10?
True
Is 278 a factor of 15752?
False
Is 14 a factor of 1236?
False
Does 63 divide 47376?
True
Is 193 a multiple of 33?
False
Is 2 a factor of 1304?
True
Is 20749 a multiple of 118?
False
Does 22 divide 4357?
False
Does 4 divide 14956?
True
Does 8 divide 4936?
True
Does 21 divide 3318?
True
Does 21 divide 1189?
False
Is 39 a factor of 14730?
False
Is 4872 a multiple of 28?
True
Is 8 a factor of 1544?
True
Is 7488 a multiple of 24?
True
Is 10 a factor of 1120?
True
Does 40 divide 10109?
False
Is 51 a factor of 4381?
False
Is 1234 a multiple of 11?
False
Is 3967 a multiple of 55?
False
Does 103 divide 2481?
False
Is 1902 a multiple of 3?
True
Does 20 divide 3968?
False
Is 839 a multiple of 10?
False
Is 904 a multiple of 11?
False
Does 122 divide 31302?
False
Is 83 a multiple of 15?
False
Does 35 divide 26635?
True
Does 17 divide 187?
True
Does 33 divide 704?
False
Is 3829 a multiple of 16?
False
Is 2580 a multiple of 60?
True
Does 10 divide 5730?
True
Is 8505 a multiple of 9?
True
Is 10 a factor of 59?
False
Is 19 a factor of 498?
False
Does 82 divide 315?
False
Is 7 a factor of 2317?
True
Is 128 a factor of 46558?
False
Does 6 divide 7069?
False
Does 24 divide 1512?
True
Is 1603 a multiple of 9?
False
Does 42 divide 546?
True
Is 22 a factor of 14190?
True
Does 23 divide 2553?
True
Is 215 a factor of 43860?
True
Does 8 divide 42768?
True
Does 22 divide 22542?
False
Is 1260 a multiple of 6?
True
Is 5325 a multiple of 25?
True
Is 25 a factor of 8256?
False
Does 7 divide 7861?
True
Is 12 a factor of 63636?
True
Does 69 divide 3047?
False
Is 8022 a multiple of 43?
False
Does 5 divide 530?
True
Is 3 a factor of 369?
True
Does 18 divide 16179?
False
Does 19 divide 2622?
True
Is 798 a multiple of 11?
False
Is 66 a factor of 1056?
True
Is 3 a factor of 609?
True
Does 24 divide 768?
True
Is 337 a multiple of 2?
False
Is 267 even?
False
Is 16 a factor of 5872?
